{"id":37369,"date":"2025-04-03T16:46:45","date_gmt":"2025-04-03T16:46:45","guid":{"rendered":"https:\/\/mpponiente.com\/?post_type=product&#038;p=37369"},"modified":"2025-08-18T16:52:22","modified_gmt":"2025-08-18T16:52:22","slug":"fosfato-monosodico","status":"publish","type":"product","link":"https:\/\/mpponiente.com\/index.php\/producto\/fosfato-monosodico\/","title":{"rendered":"Fosfato Monos\u00f3dico"},"content":{"rendered":"<p>El fosfato monos\u00f3dico es una sal inorg\u00e1nica cuya f\u00f3rmula qu\u00edmica es NaH\u2082PO\u2084. Se presenta como cristales finos de color blanco, altamente solubles en agua. Sus aplicaciones incluyen el uso como regulador de pH en procesos industriales y alimentarios, agente limpiador, aditivo en formulaciones de productos de limpieza y estabilizador en diversas preparaciones. Debido a su versatilidad, se utiliza tanto en la industria alimentaria como en el tratamiento de aguas y en aplicaciones t\u00e9cnicas especializadas.<\/p>\n<p><strong>Presentaci\u00f3n:<\/strong> Contenedor IBC.<\/p>\n","protected":false},"excerpt":{"rendered":"<p><strong>Ficha t\u00e9cnica:<\/strong><\/p>\n","protected":false},"featured_media":37387,"comment_status":"open","ping_status":"closed","template":"","meta":{"_et_pb_use_builder":"","_et_pb_old_content":"","_et_gb_content_width":"","_joinchat":[]},"product_brand":[],"product_cat":[24],"product_tag":[],"class_list":{"0":"post-37369","1":"product","2":"type-product","3":"status-publish","4":"has-post-thumbnail","6":"product_cat-categoria-01","8":"first","9":"instock","10":"shipping-taxable","11":"product-type-simple"},"_links":{"self":[{"href":"https:\/\/mpponiente.com\/index.php\/wp-json\/wp\/v2\/product\/37369","targetHints":{"allow":["GET"]}}],"collection":[{"href":"https:\/\/mpponiente.com\/index.php\/wp-json\/wp\/v2\/product"}],"about":[{"href":"https:\/\/mpponiente.com\/index.php\/wp-json\/wp\/v2\/types\/product"}],"replies":[{"embeddable":true,"href":"https:\/\/mpponiente.com\/index.php\/wp-json\/wp\/v2\/comments?post=37369"}],"wp:featuredmedia":[{"embeddable":true,"href":"https:\/\/mpponiente.com\/index.php\/wp-json\/wp\/v2\/media\/37387"}],"wp:attachment":[{"href":"https:\/\/mpponiente.com\/index.php\/wp-json\/wp\/v2\/media?parent=37369"}],"wp:term":[{"taxonomy":"product_brand","embeddable":true,"href":"https:\/\/mpponiente.com\/index.php\/wp-json\/wp\/v2\/product_brand?post=37369"},{"taxonomy":"product_cat","embeddable":true,"href":"https:\/\/mpponiente.com\/index.php\/wp-json\/wp\/v2\/product_cat?post=37369"},{"taxonomy":"product_tag","embeddable":true,"href":"https:\/\/mpponiente.com\/index.php\/wp-json\/wp\/v2\/product_tag?post=37369"}],"curies":[{"name":"wp","href":"https:\/\/api.w.org\/{rel}","templated":true}]}}